{"id":19,"date":"2022-02-28T16:58:22","date_gmt":"2022-02-28T15:58:22","guid":{"rendered":"https:\/\/www.mloc1080.be\/lula\/?page_id=19"},"modified":"2024-06-12T11:08:25","modified_gmt":"2024-06-12T09:08:25","slug":"les-uns-et-les-autres","status":"publish","type":"page","link":"https:\/\/www.lesunsetlesautres.be\/lula\/les-uns-et-les-autres\/","title":{"rendered":"Les Uns et Les Autres"},"content":{"rendered":"\t\t<div data-elementor-type=\"wp-page\" data-elementor-id=\"19\" class=\"elementor elementor-19\" data-elementor-post-type=\"page\">\n\t\t\t\t\t\t<section class=\"elementor-section elementor-top-section elementor-element elementor-element-24cf5f1 elementor-section-boxed elementor-section-height-default elementor-section-height-default\" data-id=\"24cf5f1\" data-element_type=\"section\" data-e-type=\"section\">\n\t\t\t\t\t\t<div class=\"elementor-container elementor-column-gap-default\">\n\t\t\t\t\t<div class=\"elementor-column elementor-col-50 elementor-top-column elementor-element elementor-element-e121a30\" data-id=\"e121a30\" data-element_type=\"column\" data-e-type=\"column\">\n\t\t\t<div class=\"elementor-widget-wrap elementor-element-populated\">\n\t\t\t\t\t\t<div class=\"elementor-element elementor-element-2740d9b elementor-widget elementor-widget-text-editor\" data-id=\"2740d9b\" data-element_type=\"widget\" data-e-type=\"widget\" data-widget_type=\"text-editor.default\">\n\t\t\t\t<div class=\"elementor-widget-container\">\n\t\t\t\t\t\t\t\t\t<p><em><strong>\u00ab\u00a0Plaisir de manger, plaisir de se rencontrer !\u00a0\u00bb<\/strong><\/em><\/p>\t\t\t\t\t\t\t\t<\/div>\n\t\t\t\t<\/div>\n\t\t\t\t<section class=\"elementor-section elementor-inner-section elementor-element elementor-element-0ef2878 elementor-section-boxed elementor-section-height-default elementor-section-height-default\" data-id=\"0ef2878\" data-element_type=\"section\" data-e-type=\"section\">\n\t\t\t\t\t\t<div class=\"elementor-container elementor-column-gap-default\">\n\t\t\t\t\t<div class=\"elementor-column elementor-col-50 elementor-inner-column elementor-element elementor-element-9961943\" data-id=\"9961943\" data-element_type=\"column\" data-e-type=\"column\">\n\t\t\t<div class=\"elementor-widget-wrap elementor-element-populated\">\n\t\t\t\t\t\t<div class=\"elementor-element elementor-element-0e1229d elementor-cta--skin-classic elementor-animated-content elementor-bg-transform elementor-bg-transform-zoom-in elementor-widget elementor-widget-call-to-action\" data-id=\"0e1229d\" data-element_type=\"widget\" data-e-type=\"widget\" data-widget_type=\"call-to-action.default\">\n\t\t\t\t<div class=\"elementor-widget-container\">\n\t\t\t\t\t\t\t<div class=\"elementor-cta\">\n\t\t\t\t\t<div class=\"elementor-cta__bg-wrapper\">\n\t\t\t\t<div class=\"elementor-cta__bg elementor-bg\" style=\"background-image: url(https:\/\/www.lesunsetlesautres.be\/lula\/wp-content\/uploads\/2022\/03\/terrasse-resto-1024x558.jpg);\" role=\"img\" aria-label=\"terrasse resto\"><\/div>\n\t\t\t\t<div class=\"elementor-cta__bg-overlay\"><\/div>\n\t\t\t<\/div>\n\t\t\t\t\t\t\t<div class=\"elementor-cta__content\">\n\t\t\t\t\n\t\t\t\t\t\t\t\t\t<h2 class=\"elementor-cta__title elementor-cta__content-item elementor-content-item\">\n\t\t\t\t\t\tRestaurant\t\t\t\t\t<\/h2>\n\t\t\t\t\n\t\t\t\t\n\t\t\t\t\t\t\t\t\t<div class=\"elementor-cta__button-wrapper elementor-cta__content-item elementor-content-item \">\n\t\t\t\t\t<a class=\"elementor-cta__button elementor-button elementor-size-\" href=\"https:\/\/www.lesunsetlesautres.be\/lula\/restaurant-social\/\">\n\t\t\t\t\t\tCliquez ICI\t\t\t\t\t<\/a>\n\t\t\t\t\t<\/div>\n\t\t\t\t\t\t\t<\/div>\n\t\t\t\t\t\t<\/div>\n\t\t\t\t\t\t<\/div>\n\t\t\t\t<\/div>\n\t\t\t\t\t<\/div>\n\t\t<\/div>\n\t\t\t\t<div class=\"elementor-column elementor-col-50 elementor-inner-column elementor-element elementor-element-e745c0e\" data-id=\"e745c0e\" data-element_type=\"column\" data-e-type=\"column\">\n\t\t\t<div class=\"elementor-widget-wrap elementor-element-populated\">\n\t\t\t\t\t\t<div class=\"elementor-element elementor-element-5b20fc8 elementor-cta--skin-classic elementor-animated-content elementor-bg-transform elementor-bg-transform-zoom-in elementor-widget elementor-widget-call-to-action\" data-id=\"5b20fc8\" data-element_type=\"widget\" data-e-type=\"widget\" data-widget_type=\"call-to-action.default\">\n\t\t\t\t<div class=\"elementor-widget-container\">\n\t\t\t\t\t\t\t<div class=\"elementor-cta\">\n\t\t\t\t\t<div class=\"elementor-cta__bg-wrapper\">\n\t\t\t\t<div class=\"elementor-cta__bg elementor-bg\" style=\"background-image: url(https:\/\/www.lesunsetlesautres.be\/lula\/wp-content\/uploads\/2022\/03\/traiteur-2-1024x768.jpg);\" role=\"img\" aria-label=\"traiteur 2\"><\/div>\n\t\t\t\t<div class=\"elementor-cta__bg-overlay\"><\/div>\n\t\t\t<\/div>\n\t\t\t\t\t\t\t<div class=\"elementor-cta__content\">\n\t\t\t\t\n\t\t\t\t\t\t\t\t\t<h2 class=\"elementor-cta__title elementor-cta__content-item elementor-content-item\">\n\t\t\t\t\t\ttraiteur\t\t\t\t\t<\/h2>\n\t\t\t\t\n\t\t\t\t\n\t\t\t\t\t\t\t\t\t<div class=\"elementor-cta__button-wrapper elementor-cta__content-item elementor-content-item \">\n\t\t\t\t\t<a class=\"elementor-cta__button elementor-button elementor-size-\" href=\"https:\/\/www.lesunsetlesautres.be\/lula\/service-traiteur\/\">\n\t\t\t\t\t\tCliquez ICI\t\t\t\t\t<\/a>\n\t\t\t\t\t<\/div>\n\t\t\t\t\t\t\t<\/div>\n\t\t\t\t\t\t<\/div>\n\t\t\t\t\t\t<\/div>\n\t\t\t\t<\/div>\n\t\t\t\t\t<\/div>\n\t\t<\/div>\n\t\t\t\t\t<\/div>\n\t\t<\/section>\n\t\t\t\t<section class=\"elementor-section elementor-inner-section elementor-element elementor-element-32a90bc elementor-section-boxed elementor-section-height-default elementor-section-height-default\" data-id=\"32a90bc\" data-element_type=\"section\" data-e-type=\"section\">\n\t\t\t\t\t\t<div class=\"elementor-container elementor-column-gap-default\">\n\t\t\t\t\t<div class=\"elementor-column elementor-col-50 elementor-inner-column elementor-element elementor-element-1e7fa8e\" data-id=\"1e7fa8e\" data-element_type=\"column\" data-e-type=\"column\">\n\t\t\t<div class=\"elementor-widget-wrap elementor-element-populated\">\n\t\t\t\t\t\t<div class=\"elementor-element elementor-element-d9ccf5a elementor-cta--skin-classic elementor-animated-content elementor-bg-transform elementor-bg-transform-zoom-in elementor-widget elementor-widget-call-to-action\" data-id=\"d9ccf5a\" data-element_type=\"widget\" data-e-type=\"widget\" data-widget_type=\"call-to-action.default\">\n\t\t\t\t<div class=\"elementor-widget-container\">\n\t\t\t\t\t\t\t<div class=\"elementor-cta\">\n\t\t\t\t\t<div class=\"elementor-cta__bg-wrapper\">\n\t\t\t\t<div class=\"elementor-cta__bg elementor-bg\" style=\"background-image: url(https:\/\/www.lesunsetlesautres.be\/lula\/wp-content\/uploads\/2022\/03\/chefs-g359c21d8c_640.jpg);\" role=\"img\" aria-label=\"chefs-g359c21d8c_640\"><\/div>\n\t\t\t\t<div class=\"elementor-cta__bg-overlay\"><\/div>\n\t\t\t<\/div>\n\t\t\t\t\t\t\t<div class=\"elementor-cta__content\">\n\t\t\t\t\n\t\t\t\t\t\t\t\t\t<h2 class=\"elementor-cta__title elementor-cta__content-item elementor-content-item\">\n\t\t\t\t\t\tNos projets\t\t\t\t\t<\/h2>\n\t\t\t\t\n\t\t\t\t\n\t\t\t\t\t\t\t\t\t<div class=\"elementor-cta__button-wrapper elementor-cta__content-item elementor-content-item \">\n\t\t\t\t\t<a class=\"elementor-cta__button elementor-button elementor-size-\" href=\"https:\/\/www.lesunsetlesautres.be\/lula\/nos-projets\/\">\n\t\t\t\t\t\tCliquez ICI\t\t\t\t\t<\/a>\n\t\t\t\t\t<\/div>\n\t\t\t\t\t\t\t<\/div>\n\t\t\t\t\t\t<\/div>\n\t\t\t\t\t\t<\/div>\n\t\t\t\t<\/div>\n\t\t\t\t\t<\/div>\n\t\t<\/div>\n\t\t\t\t<div class=\"elementor-column elementor-col-50 elementor-inner-column elementor-element elementor-element-5bf86ee\" data-id=\"5bf86ee\" data-element_type=\"column\" data-e-type=\"column\">\n\t\t\t<div class=\"elementor-widget-wrap elementor-element-populated\">\n\t\t\t\t\t\t<div class=\"elementor-element elementor-element-91566e0 elementor-cta--skin-classic elementor-animated-content elementor-bg-transform elementor-bg-transform-zoom-in elementor-widget elementor-widget-call-to-action\" data-id=\"91566e0\" data-element_type=\"widget\" data-e-type=\"widget\" data-widget_type=\"call-to-action.default\">\n\t\t\t\t<div class=\"elementor-widget-container\">\n\t\t\t\t\t\t\t<div class=\"elementor-cta\">\n\t\t\t\t\t<div class=\"elementor-cta__bg-wrapper\">\n\t\t\t\t<div class=\"elementor-cta__bg elementor-bg\" style=\"background-image: url(https:\/\/www.lesunsetlesautres.be\/lula\/wp-content\/uploads\/2022\/03\/pexels-andrea-piacquadio-3760067-1024x683.jpg);\" role=\"img\" aria-label=\"pexels-andrea-piacquadio-3760067\"><\/div>\n\t\t\t\t<div class=\"elementor-cta__bg-overlay\"><\/div>\n\t\t\t<\/div>\n\t\t\t\t\t\t\t<div class=\"elementor-cta__content\">\n\t\t\t\t\n\t\t\t\t\t\t\t\t\t<h2 class=\"elementor-cta__title elementor-cta__content-item elementor-content-item\">\n\t\t\t\t\t\tOFFRE D'EMPLOI\t\t\t\t\t<\/h2>\n\t\t\t\t\n\t\t\t\t\n\t\t\t\t\t\t\t\t\t<div class=\"elementor-cta__button-wrapper elementor-cta__content-item elementor-content-item \">\n\t\t\t\t\t<a class=\"elementor-cta__button elementor-button elementor-size-\" href=\"https:\/\/www.mloc1080.be\/wp\/?page_id=1893\">\n\t\t\t\t\t\tCliquez ICI\t\t\t\t\t<\/a>\n\t\t\t\t\t<\/div>\n\t\t\t\t\t\t\t<\/div>\n\t\t\t\t\t\t<\/div>\n\t\t\t\t\t\t<\/div>\n\t\t\t\t<\/div>\n\t\t\t\t\t<\/div>\n\t\t<\/div>\n\t\t\t\t\t<\/div>\n\t\t<\/section>\n\t\t\t\t\t<\/div>\n\t\t<\/div>\n\t\t\t\t<div class=\"elementor-column elementor-col-50 elementor-top-column elementor-element elementor-element-83f16e9\" data-id=\"83f16e9\" data-element_type=\"column\" data-e-type=\"column\">\n\t\t\t<div class=\"elementor-widget-wrap elementor-element-populated\">\n\t\t\t\t\t\t<div class=\"elementor-element elementor-element-495b2d2 elementor-widget elementor-widget-image\" data-id=\"495b2d2\" data-element_type=\"widget\" data-e-type=\"widget\" data-widget_type=\"image.default\">\n\t\t\t\t<div class=\"elementor-widget-container\">\n\t\t\t\t\t\t\t\t\t\t\t\t\t\t\t<img fetchpriority=\"high\" decoding=\"async\" width=\"473\" height=\"451\" src=\"https:\/\/www.lesunsetlesautres.be\/lula\/wp-content\/uploads\/2022\/02\/cropped-logo_lesunsetlesautres_PMS-Converti.png\" class=\"attachment-large size-large wp-image-9\" alt=\"\" srcset=\"https:\/\/www.lesunsetlesautres.be\/lula\/wp-content\/uploads\/2022\/02\/cropped-logo_lesunsetlesautres_PMS-Converti.png 473w, https:\/\/www.lesunsetlesautres.be\/lula\/wp-content\/uploads\/2022\/02\/cropped-logo_lesunsetlesautres_PMS-Converti-300x286.png 300w\" sizes=\"(max-width: 473px) 100vw, 473px\" \/>\t\t\t\t\t\t\t\t\t\t\t\t\t\t\t<\/div>\n\t\t\t\t<\/div>\n\t\t\t\t<div class=\"elementor-element elementor-element-22cbb0f elementor-widget elementor-widget-heading\" data-id=\"22cbb0f\" data-element_type=\"widget\" data-e-type=\"widget\" data-widget_type=\"heading.default\">\n\t\t\t\t<div class=\"elementor-widget-container\">\n\t\t\t\t\t<h2 class=\"elementor-heading-title elementor-size-default\">Restaurant social, convivial <br>et ouvert \u00e0 tous<\/h2>\t\t\t\t<\/div>\n\t\t\t\t<\/div>\n\t\t\t\t<div class=\"elementor-element elementor-element-4943e61 elementor-widget elementor-widget-text-editor\" data-id=\"4943e61\" data-element_type=\"widget\" data-e-type=\"widget\" data-widget_type=\"text-editor.default\">\n\t\t\t\t<div class=\"elementor-widget-container\">\n\t\t\t\t\t\t\t\t\t<p class=\"_04xlpA direction-ltr align-center para-style-body\"><strong><span class=\"JsGRdQ\">\u00a0<\/span><\/strong><\/p><p class=\"_04xlpA direction-ltr align-center para-style-body\"><strong><span class=\"JsGRdQ\">Un restaurant social avant tout !\u00a0<\/span><\/strong><\/p><p class=\"_04xlpA direction-ltr align-center para-style-body\"><span class=\"JsGRdQ\" style=\"letter-spacing: 0px;\">\u00ab\u00a0Les Uns et les Autres\u00a0\u00bb poursuit <\/span><span class=\"JsGRdQ\" style=\"letter-spacing: 0px;\">3 objectifs :<\/span><\/p><p class=\"_04xlpA direction-ltr align-center para-style-body\"><strong><span class=\"JsGRdQ\">1. L\u2019insertion socioprofessionnelle :\u00a0<\/span><\/strong><\/p><p class=\"_04xlpA direction-ltr align-center para-style-body\"><span class=\"JsGRdQ\">Une \u00e9quipe de commis de salle et de cuisine, ainsi que deux techniciens de surface, deux chauffeurs livreurs\u00a0<\/span><span class=\"JsGRdQ\">et un assistant administratif sont form\u00e9s directement sur le terrain, \u00e0 la pratique de leur m\u00e9tier<\/span><\/p><p class=\"_04xlpA direction-ltr align-center para-style-body\"><strong style=\"letter-spacing: 0px;\"><span class=\"JsGRdQ\">2. Une alimentation saine et accessible \u00e0 tous :\u00a0<\/span><\/strong><\/p><p class=\"_04xlpA direction-ltr align-center para-style-body\"><span class=\"JsGRdQ\">Le restaurant permet \u00e0 des personnes d\u00e9favoris\u00e9es (pensionn\u00e9s, personnes \u00e0 charge\u00a0<\/span><span style=\"letter-spacing: 0px;\">de la mutuelle, chercheurs d\u2019emploi, allocataires sociaux de longue dur\u00e9e, demandeurs d\u2019asile, etc.)\u00a0 de manger sainement \u00e0 des tarifs adapt\u00e9s \u00e0 leurs revenus.<\/span><\/p><p class=\"_04xlpA direction-ltr align-center para-style-body\"><strong><span class=\"JsGRdQ\">3. La coh\u00e9sion sociale :\u00a0<\/span><\/strong><\/p><p class=\"_04xlpA direction-ltr align-center para-style-body\"><span class=\"JsGRdQ\">Le restaurant social vise la mixit\u00e9 sociale, culturelle et g\u00e9n\u00e9rationnelle.\u00a0<\/span><span class=\"JsGRdQ\">Il permet ainsi \u00e0 des publics qui ne se fr\u00e9quentent d\u2019ordinaire pas\u00a0<\/span><span class=\"JsGRdQ\">de se rencontrer dans un cadre convivial de qualit\u00e9.<\/span><\/p><p class=\"_04xlpA direction-ltr align-center para-style-body\"><span class=\"JsGRdQ\">\u00a0<\/span><\/p>\t\t\t\t\t\t\t\t<\/div>\n\t\t\t\t<\/div>\n\t\t\t\t\t<\/div>\n\t\t<\/div>\n\t\t\t\t\t<\/div>\n\t\t<\/section>\n\t\t\t\t<section class=\"elementor-section elementor-top-section elementor-element elementor-element-c77eacb elementor-section-boxed elementor-section-height-default elementor-section-height-default\" data-id=\"c77eacb\" data-element_type=\"section\" data-e-type=\"section\">\n\t\t\t\t\t\t<div class=\"elementor-container elementor-column-gap-default\">\n\t\t\t\t\t<div class=\"elementor-column elementor-col-100 elementor-top-column elementor-element elementor-element-ba0bb1b\" data-id=\"ba0bb1b\" data-element_type=\"column\" data-e-type=\"column\">\n\t\t\t<div class=\"elementor-widget-wrap elementor-element-populated\">\n\t\t\t\t\t\t<div class=\"elementor-element elementor-element-56dc58f elementor-widget elementor-widget-text-editor\" data-id=\"56dc58f\" data-element_type=\"widget\" data-e-type=\"widget\" data-widget_type=\"text-editor.default\">\n\t\t\t\t<div class=\"elementor-widget-container\">\n\t\t\t\t\t\t\t\t\t<p><strong>Un projet de la <a href=\"https:\/\/www.mloc1080.be\/\" target=\"_blank\" rel=\"noopener\">Mission Locale de Molenbeek<\/a> asbl<\/strong><\/p>\t\t\t\t\t\t\t\t<\/div>\n\t\t\t\t<\/div>\n\t\t\t\t\t<\/div>\n\t\t<\/div>\n\t\t\t\t\t<\/div>\n\t\t<\/section>\n\t\t\t\t<section class=\"elementor-section elementor-top-section elementor-element elementor-element-4a9a986 elementor-section-boxed elementor-section-height-default elementor-section-height-default\" data-id=\"4a9a986\" data-element_type=\"section\" data-e-type=\"section\">\n\t\t\t\t\t\t<div class=\"elementor-container elementor-column-gap-default\">\n\t\t\t\t\t<div class=\"elementor-column elementor-col-100 elementor-top-column elementor-element elementor-element-c7198a4\" data-id=\"c7198a4\" data-element_type=\"column\" data-e-type=\"column\">\n\t\t\t<div class=\"elementor-widget-wrap elementor-element-populated\">\n\t\t\t\t\t\t<div class=\"elementor-element elementor-element-98aa520 elementor-widget-divider--view-line elementor-widget elementor-widget-divider\" data-id=\"98aa520\" data-element_type=\"widget\" data-e-type=\"widget\" data-widget_type=\"divider.default\">\n\t\t\t\t<div class=\"elementor-widget-container\">\n\t\t\t\t\t\t\t<div class=\"elementor-divider\">\n\t\t\t<span class=\"elementor-divider-separator\">\n\t\t\t\t\t\t<\/span>\n\t\t<\/div>\n\t\t\t\t\t\t<\/div>\n\t\t\t\t<\/div>\n\t\t\t\t\t<\/div>\n\t\t<\/div>\n\t\t\t\t\t<\/div>\n\t\t<\/section>\n\t\t\t\t<section class=\"elementor-section elementor-top-section elementor-element elementor-element-b1a4035 elementor-section-boxed elementor-section-height-default elementor-section-height-default\" data-id=\"b1a4035\" data-element_type=\"section\" data-e-type=\"section\" data-settings=\"{&quot;background_background&quot;:&quot;classic&quot;}\">\n\t\t\t\t\t\t<div class=\"elementor-container elementor-column-gap-default\">\n\t\t\t\t\t<div class=\"elementor-column elementor-col-50 elementor-top-column elementor-element elementor-element-7ad259b\" data-id=\"7ad259b\" data-element_type=\"column\" data-e-type=\"column\">\n\t\t\t<div class=\"elementor-widget-wrap elementor-element-populated\">\n\t\t\t\t\t\t<div class=\"elementor-element elementor-element-a351d2d elementor-widget elementor-widget-heading\" data-id=\"a351d2d\" data-element_type=\"widget\" data-e-type=\"widget\" data-widget_type=\"heading.default\">\n\t\t\t\t<div class=\"elementor-widget-container\">\n\t\t\t\t\t<h2 class=\"elementor-heading-title elementor-size-default\">Contact<\/h2>\t\t\t\t<\/div>\n\t\t\t\t<\/div>\n\t\t\t\t<div class=\"elementor-element elementor-element-7e85a74 elementor-widget elementor-widget-text-editor\" data-id=\"7e85a74\" data-element_type=\"widget\" data-e-type=\"widget\" data-widget_type=\"text-editor.default\">\n\t\t\t\t<div class=\"elementor-widget-container\">\n\t\t\t\t\t\t\t\t\t<p>Rue du Comte de Flandre, 13 &#8211; 1080 Bruxelles<\/p>\t\t\t\t\t\t\t\t<\/div>\n\t\t\t\t<\/div>\n\t\t\t\t<div class=\"elementor-element elementor-element-cbf9982 elementor-widget elementor-widget-heading\" data-id=\"cbf9982\" data-element_type=\"widget\" data-e-type=\"widget\" data-widget_type=\"heading.default\">\n\t\t\t\t<div class=\"elementor-widget-container\">\n\t\t\t\t\t<h6 class=\"elementor-heading-title elementor-size-default\">TEL : +32 2 410 09 60\n<\/h6>\t\t\t\t<\/div>\n\t\t\t\t<\/div>\n\t\t\t\t<div class=\"elementor-element elementor-element-1b4a512 elementor-widget elementor-widget-heading\" data-id=\"1b4a512\" data-element_type=\"widget\" data-e-type=\"widget\" data-widget_type=\"heading.default\">\n\t\t\t\t<div class=\"elementor-widget-container\">\n\t\t\t\t\t<h6 class=\"elementor-heading-title elementor-size-default\">Email: lesunsetlesautres@mloc1080.be<\/h6>\t\t\t\t<\/div>\n\t\t\t\t<\/div>\n\t\t\t\t<div class=\"elementor-element elementor-element-b4eb484 elementor-widget elementor-widget-heading\" data-id=\"b4eb484\" data-element_type=\"widget\" data-e-type=\"widget\" data-widget_type=\"heading.default\">\n\t\t\t\t<div class=\"elementor-widget-container\">\n\t\t\t\t\t<h6 class=\"elementor-heading-title elementor-size-default\">LUNDI-VENDREDI <br>\n11 h 45 \u00e0 14 h 00<\/h6>\t\t\t\t<\/div>\n\t\t\t\t<\/div>\n\t\t\t\t<div class=\"elementor-element elementor-element-8a1d0b0 elementor-widget elementor-widget-text-editor\" data-id=\"8a1d0b0\" data-element_type=\"widget\" data-e-type=\"widget\" data-widget_type=\"text-editor.default\">\n\t\t\t\t<div class=\"elementor-widget-container\">\n\t\t\t\t\t\t\t\t\t<p>*Nous ne prenons pas les r\u00e9servations<\/p><p>*Paiement par cash uniquement. La mise en place d&rsquo;un terminal de paiement \u00e9lectronique est en cours<\/p>\t\t\t\t\t\t\t\t<\/div>\n\t\t\t\t<\/div>\n\t\t\t\t\t<\/div>\n\t\t<\/div>\n\t\t\t\t<div class=\"elementor-column elementor-col-50 elementor-top-column elementor-element elementor-element-b1d63c3\" data-id=\"b1d63c3\" data-element_type=\"column\" data-e-type=\"column\">\n\t\t\t<div class=\"elementor-widget-wrap elementor-element-populated\">\n\t\t\t\t\t\t<div class=\"elementor-element elementor-element-e1e48dc elementor-widget elementor-widget-google_maps\" data-id=\"e1e48dc\" data-element_type=\"widget\" data-e-type=\"widget\" data-widget_type=\"google_maps.default\">\n\t\t\t\t<div class=\"elementor-widget-container\">\n\t\t\t\t\t\t\t<div class=\"elementor-custom-embed\">\n\t\t\t<iframe loading=\"lazy\"\n\t\t\t\t\tsrc=\"https:\/\/maps.google.com\/maps?q=Rue%20du%20Comte%20de%20Flandre%2C%2013%201080%20Bruxelles&#038;t=m&#038;z=13&#038;output=embed&#038;iwloc=near\"\n\t\t\t\t\ttitle=\"Rue du Comte de Flandre, 13 1080 Bruxelles\"\n\t\t\t\t\taria-label=\"Rue du Comte de Flandre, 13 1080 Bruxelles\"\n\t\t\t><\/iframe>\n\t\t<\/div>\n\t\t\t\t\t\t<\/div>\n\t\t\t\t<\/div>\n\t\t\t\t\t<\/div>\n\t\t<\/div>\n\t\t\t\t\t<\/div>\n\t\t<\/section>\n\t\t\t\t<section class=\"elementor-section elementor-top-section elementor-element elementor-element-629329a elementor-section-boxed elementor-section-height-default elementor-section-height-default\" data-id=\"629329a\" data-element_type=\"section\" data-e-type=\"section\">\n\t\t\t\t\t\t<div class=\"elementor-container elementor-column-gap-default\">\n\t\t\t\t\t<div class=\"elementor-column elementor-col-100 elementor-top-column elementor-element elementor-element-426c4a8\" data-id=\"426c4a8\" data-element_type=\"column\" data-e-type=\"column\">\n\t\t\t<div class=\"elementor-widget-wrap elementor-element-populated\">\n\t\t\t\t\t\t<div class=\"elementor-element elementor-element-2c28801 elementor-widget elementor-widget-image\" data-id=\"2c28801\" data-element_type=\"widget\" data-e-type=\"widget\" data-widget_type=\"image.default\">\n\t\t\t\t<div class=\"elementor-widget-container\">\n\t\t\t\t\t\t\t\t\t\t\t\t\t\t\t<img decoding=\"async\" width=\"600\" height=\"200\" src=\"https:\/\/www.lesunsetlesautres.be\/lula\/wp-content\/uploads\/2023\/07\/pouvoirs-subsidiants.png\" class=\"attachment-large size-large wp-image-991\" alt=\"\" srcset=\"https:\/\/www.lesunsetlesautres.be\/lula\/wp-content\/uploads\/2023\/07\/pouvoirs-subsidiants.png 600w, https:\/\/www.lesunsetlesautres.be\/lula\/wp-content\/uploads\/2023\/07\/pouvoirs-subsidiants-300x100.png 300w\" sizes=\"(max-width: 600px) 100vw, 600px\" \/>\t\t\t\t\t\t\t\t\t\t\t\t\t\t\t<\/div>\n\t\t\t\t<\/div>\n\t\t\t\t\t<\/div>\n\t\t<\/div>\n\t\t\t\t\t<\/div>\n\t\t<\/section>\n\t\t\t\t<\/div>\n\t\t","protected":false},"excerpt":{"rendered":"<p>\u00ab\u00a0Plaisir de manger, plaisir de se rencontrer !\u00a0\u00bb Restaurant Cliquez ICI traiteur Cliquez ICI Nos projets Cliquez ICI OFFRE D&rsquo;EMPLOI Cliquez ICI Restaurant social, convivial et ouvert \u00e0 tous \u00a0 Un restaurant social avant tout !\u00a0 \u00ab\u00a0Les Uns et les Autres\u00a0\u00bb poursuit 3 objectifs : 1. L\u2019insertion socioprofessionnelle :\u00a0 Une \u00e9quipe de commis de salle et de cuisine, ainsi que deux techniciens de surface, deux chauffeurs livreurs\u00a0et un assistant administratif sont form\u00e9s directement sur le terrain, \u00e0 la pratique de leur m\u00e9tier 2. Une alimentation saine et accessible \u00e0 tous :\u00a0 Le restaurant permet \u00e0 des personnes d\u00e9favoris\u00e9es (pensionn\u00e9s, personnes \u00e0 charge\u00a0de la mutuelle, chercheurs d\u2019emploi, allocataires sociaux de longue dur\u00e9e, demandeurs d\u2019asile, etc.)\u00a0 de manger sainement \u00e0 des tarifs adapt\u00e9s \u00e0 leurs revenus. 3. La coh\u00e9sion sociale :\u00a0 Le restaurant social vise la mixit\u00e9 sociale, culturelle et g\u00e9n\u00e9rationnelle.\u00a0Il permet ainsi \u00e0 des publics qui ne se fr\u00e9quentent d\u2019ordinaire pas\u00a0de se rencontrer dans un cadre convivial de qualit\u00e9. \u00a0 Un projet de la Mission Locale de Molenbeek asbl Contact Rue du Comte de Flandre, 13 &#8211; 1080 Bruxelles TEL : +32 2 410 09 60 Email: lesunsetlesautres@mloc1080.be LUNDI-VENDREDI 11 h 45 \u00e0 14 h 00 *Nous ne prenons pas les r\u00e9servations *Paiement par cash uniquement. La mise en place d&rsquo;un terminal de paiement \u00e9lectronique est en cours<\/p>\n","protected":false},"author":2,"featured_media":0,"parent":0,"menu_order":0,"comment_status":"closed","ping_status":"closed","template":"","meta":{"footnotes":""},"class_list":["post-19","page","type-page","status-publish","hentry"],"_links":{"self":[{"href":"https:\/\/www.lesunsetlesautres.be\/lula\/wp-json\/wp\/v2\/pages\/19","targetHints":{"allow":["GET"]}}],"collection":[{"href":"https:\/\/www.lesunsetlesautres.be\/lula\/wp-json\/wp\/v2\/pages"}],"about":[{"href":"https:\/\/www.lesunsetlesautres.be\/lula\/wp-json\/wp\/v2\/types\/page"}],"author":[{"embeddable":true,"href":"https:\/\/www.lesunsetlesautres.be\/lula\/wp-json\/wp\/v2\/users\/2"}],"replies":[{"embeddable":true,"href":"https:\/\/www.lesunsetlesautres.be\/lula\/wp-json\/wp\/v2\/comments?post=19"}],"version-history":[{"count":133,"href":"https:\/\/www.lesunsetlesautres.be\/lula\/wp-json\/wp\/v2\/pages\/19\/revisions"}],"predecessor-version":[{"id":1041,"href":"https:\/\/www.lesunsetlesautres.be\/lula\/wp-json\/wp\/v2\/pages\/19\/revisions\/1041"}],"wp:attachment":[{"href":"https:\/\/www.lesunsetlesautres.be\/lula\/wp-json\/wp\/v2\/media?parent=19"}],"curies":[{"name":"wp","href":"https:\/\/api.w.org\/{rel}","templated":true}]}}